{"id":784,"date":"2020-11-18T12:05:12","date_gmt":"2020-11-18T17:05:12","guid":{"rendered":"https:\/\/caribabare.gov.co\/esp\/?page_id=784"},"modified":"2020-11-18T12:18:17","modified_gmt":"2020-11-18T17:18:17","slug":"glosario","status":"publish","type":"page","link":"https:\/\/caribabare.gov.co\/esp\/glosario\/","title":{"rendered":"Glosario"},"content":{"rendered":"\t\t<div data-elementor-type=\"wp-page\" data-elementor-id=\"784\" class=\"elementor elementor-784\">\n\t\t\t\t\t\t<div class=\"elementor-inner\">\n\t\t\t\t<div class=\"elementor-section-wrap\">\n\t\t\t\t\t\t\t\t\t<section class=\"elementor-section elementor-top-section elementor-element elementor-element-a3b9ff1 elementor-section-boxed elementor-section-height-default elementor-section-height-default\" data-id=\"a3b9ff1\" data-element_type=\"section\">\n\t\t\t\t\t\t<div class=\"elementor-container elementor-column-gap-default\">\n\t\t\t\t\t\t\t<div class=\"elementor-row\">\n\t\t\t\t\t<div class=\"elementor-column elementor-col-100 elementor-top-column elementor-element elementor-element-f225ad1\" data-id=\"f225ad1\" data-element_type=\"column\">\n\t\t\t<div class=\"elementor-column-wrap elementor-element-populated\">\n\t\t\t\t\t\t\t<div class=\"elementor-widget-wrap\">\n\t\t\t\t\t\t<div class=\"elementor-element elementor-element-ba8fbaa elementor-widget elementor-widget-heading\" data-id=\"ba8fbaa\" data-element_type=\"widget\" data-widget_type=\"heading.default\">\n\t\t\t\t<div class=\"elementor-widget-container\">\n\t\t\t<h3 class=\"elementor-heading-title elementor-size-default\">GLOSARIO CARIBABARE ESP <\/h3>\t\t<\/div>\n\t\t\t\t<\/div>\n\t\t\t\t\t\t<\/div>\n\t\t\t\t\t<\/div>\n\t\t<\/div>\n\t\t\t\t\t\t\t\t<\/div>\n\t\t\t\t\t<\/div>\n\t\t<\/section>\n\t\t\t\t<section class=\"elementor-section elementor-top-section elementor-element elementor-element-7f482751 elementor-section-boxed elementor-section-height-default elementor-section-height-default\" data-id=\"7f482751\" data-element_type=\"section\">\n\t\t\t\t\t\t<div class=\"elementor-container elementor-column-gap-default\">\n\t\t\t\t\t\t\t<div class=\"elementor-row\">\n\t\t\t\t\t<div class=\"elementor-column elementor-col-100 elementor-top-column elementor-element elementor-element-1dc9741e\" data-id=\"1dc9741e\" data-element_type=\"column\">\n\t\t\t<div class=\"elementor-column-wrap elementor-element-populated\">\n\t\t\t\t\t\t\t<div class=\"elementor-widget-wrap\">\n\t\t\t\t\t\t<div class=\"elementor-element elementor-element-7585c65e elementor-widget elementor-widget-text-editor\" data-id=\"7585c65e\" data-element_type=\"widget\" data-widget_type=\"text-editor.default\">\n\t\t\t\t<div class=\"elementor-widget-container\">\n\t\t\t\t\t\t\t\t<div class=\"elementor-text-editor elementor-clearfix\">\n\t\t\t\t<p><!-- wp:paragraph --><\/p>\n<p><strong>Acometida<\/strong>: Derivaci\u00f3n de la red local del servicio respectivo que llega hasta el registro de corte del inmueble. En edificios de propiedad horizontal o condominios, la acometida llega hasta el registro de corte general. Para el caso de alcantarillado la acometida es la derivaci\u00f3n que parte de la caja de inspecci\u00f3n y llega hasta el colector de la red local.<\/p>\n<p><strong>Aforo:<\/strong> Es el resultado de las mediciones puntuales, que realiza un aforador debidamente autorizado por la persona prestadora, respecto de la cantidad de residuos s\u00f3lidos que produce y presenta un usuario de manera individual o conjunta al prestador del servicio de aseo.<\/p>\n<p><strong>Aforo extraordinario de aseo para multiusuarios:<\/strong> Es el resultado de las mediciones puntuales realizadas por la persona prestadora del servicio p\u00fablico de aseo, de oficio o a petici\u00f3n del multiusuario, cuando alguno de ellos considere que ha variado la cantidad de residuos producidos con respecto al aforo vigente.<\/p>\n<p><strong>Aforo ordinario de aseo para multiusuarios<\/strong>: Es el resultado de las mediciones puntuales realizadas por la persona prestadora del servicio p\u00fablico de aseo, para categorizar y cobrar como multiusuarios a aquellos suscriptores que optaron por \u00e9sta opci\u00f3n tarifaria.<\/p>\n<p><strong><br \/>Aforo permanente de aseo:<\/strong> Es el que realiza la persona prestadora del servicio p\u00fablico de aseo a los suscriptores grandes productores o peque\u00f1os productores de residuos s\u00f3lidos, cuando efect\u00faa la recolecci\u00f3n de los residuos presentados por el usuario.<\/p>\n<p><strong><br \/>Almacenamiento de residuos s\u00f3lidos<\/strong>: Es la acci\u00f3n del usuario de guardar temporalmente los residuos s\u00f3lidos en dep\u00f3sitos, recipientes o cajas de almacenamiento, retornables o desechables, para su recolecci\u00f3n por la persona prestadora con fines de aprovechamiento o de disposici\u00f3n final.<\/p>\n<p><strong>Aprovechamiento<\/strong>: Es la actividad complementaria del servicio p\u00fablico de aseo que comprende la recolecci\u00f3n de residuos aprovechables separados en la fuente por los usuarios, el transporte selectivo hasta la estaci\u00f3n de clasificaci\u00f3n y aprovechamiento o hasta la planta de aprovechamiento, as\u00ed como su clasificaci\u00f3n y pesaje.<\/p>\n<p><strong>\u00c1rea de prestaci\u00f3n de servicio<\/strong>: Corresponde a la zona geogr\u00e1fica del municipio o distrito debidamente delimitada donde la persona prestadora ofrece y presta el servicio de aseo. Esta deber\u00e1 consignarse en el contrato de condiciones uniformes.<\/p>\n<p><strong>\u00c1rea p\u00fablica<\/strong>: Es aquella destinada al uso, recreo o tr\u00e1nsito p\u00fablico, como parques, plazas, plazoletas y playas salvo aquellas con restricciones de acceso.<\/p>\n<p><!-- \/wp:paragraph --><\/p>\n<p><!-- wp:paragraph --><\/p>\n<p><strong>Accesorios<\/strong>: Elementos componentes de un sistema de tuber\u00edas, diferentes de las tuber\u00edas en s\u00ed, tales como uniones, codos, t\u00e9s etc.<\/p>\n<p><strong>Acometida (Art\u00edculo 14.1 Ley 142 de 1994):<\/strong> Derivaci\u00f3n de la red local que llega hasta el registro de corte del inmueble.<br \/>Permite al usuario abastecerse del servicio p\u00fablico y debe ser pagada por \u00e9l.<br \/>En edificios de propiedad horizontal, la acometida llega hasta el registro de corte general.<\/p>\n<p><strong>Acometida clandestina o fraudulenta (Decreto 302 de 2000)<\/strong>: Acometida o derivaci\u00f3n de acueducto o alcantarillado no autorizada por la entidad prestadora del servicio.<\/p>\n<p><strong>Acometida de acueducto (Decreto 302 de 2000)<\/strong>: Derivaci\u00f3n de la red local de acueducto que se conecta al registro de corte en el inmueble.<br \/>En edificios de propiedad horizontal o condominios la acometida llega hasta el registro de corte general.<\/p>\n<p><strong>Acometida de alcantarillado (Decreto 302 de 2000)<\/strong>: Derivaci\u00f3n que parte de la caja de inspecci\u00f3n y llega hasta el colector de la red local.<\/p>\n<p><strong>Acueducto:<\/strong> Conjunto de obras, equipos y materiales utilizados para la captaci\u00f3n, aducci\u00f3n, conducci\u00f3n, tratamiento y distribuci\u00f3n del agua potable para consumo humano.<\/p>\n<p><strong>Acu\u00edfero:<\/strong> Formaci\u00f3n geol\u00f3gica o grupo de formaciones que contiene agua y que permite su movimiento a trav\u00e9s de sus poros bajo la acci\u00f3n de la aceleraci\u00f3n de la gravedad o de diferencias de presi\u00f3n<\/p>\n<p><strong>Adopci\u00f3n de la estratificaci\u00f3n (Art\u00edculo 3 Decreto 1538 de 1996)<\/strong>: Acto mediante el cual el alcalde o el gobernador expide el decreto por medio del cual, como resultado de la aplicaci\u00f3n de las metodolog\u00edas, se asignan los estratos a los inmuebles residenciales por el t\u00e9rmino de cinco (5) a\u00f1os<\/p>\n<p><strong>Aducci\u00f3n<\/strong>: Componente a trav\u00e9s del cual se transporta agua cruda, ya sea a flujo libre o a presi\u00f3n<\/p>\n<p><strong>Afluente<\/strong>: Agua, agua residual u otro l\u00edquido que ingrese a un reservorio o a alg\u00fan proceso de tratamiento.<\/p>\n<p><strong>Aforo (Resoluci\u00f3n CRA 14 de 1997)<\/strong>: Procedimiento por el cual se mide o estima la cantidad de agua que normalmente utiliza un usuario<br \/>Se emplea cuando el usuario no tiene instrumento de medici\u00f3n id\u00f3neo<br \/>Igualmente se emplea este t\u00e9rmino para estimar la cantidad de basura que produce un usuario<\/p>\n<p><strong>Aforo de agua<\/strong>: Es el procedimiento por medio del cual se mide o estima la cantidad de agua que normalmente utiliza un usuario<\/p>\n<p><strong>Aforador de aseo:<\/strong> Es la persona debidamente autorizada por la persona prestadora del servicio p\u00fablico domiciliario de aseo, para realizar los aforos de producci\u00f3n de residuos s\u00f3lidos<\/p>\n<p><strong>Aforo extraordinario de aseo:<\/strong> Es el realizado por la persona prestadora del servicio p\u00fablico domiciliario de aseo, de oficio o a petici\u00f3n del usuario, cuando alguno de ellos encuentre que ha variado la cantidad de residuos producidos durante la vigencia del aforo ordinario, o dentro de los procedimientos de reclamaci\u00f3n y\/o recurso<\/p>\n<p><strong>Aforo ordinario de aseo:<\/strong> Es el realizado de oficio por la persona prestadora del servicio p\u00fablico domiciliario de aseo, para incorporar nuevos usuarios o actualizar el aforo correspondiente al periodo anterior<\/p>\n<p><strong>Aforo permanente de aseo<\/strong>:<br \/>Es el que decide realizar la persona prestadora del servicio p\u00fablico domiciliario de aseo cada vez que se les preste el servicio de recolecci\u00f3n a los usuarios grandes productores<\/p>\n<p><strong>Aforo residuos s\u00f3lidos<\/strong>:<br \/>Determinaci\u00f3n puntual de la cantidad de residuos s\u00f3lidos presentados para la recolecci\u00f3n por un usuario determinado<\/p>\n<p><strong>Agua cruda (Art\u00edculo 1 Decreto 475 de 1998)<\/strong>:<br \/>Agua que no ha sido sometida a proceso de tratamiento.<br \/><strong><br \/>Agua para consumo humano (Art\u00edculo 1 Decreto 475 de 1998):<\/strong><br \/>Es aquella que se utiliza en bebida directa y preparaci\u00f3n de alimentos para consumo.<\/p>\n<p><strong>Agua potable (Art\u00edculo 1 Decreto 475 de 1998)<\/strong>:<br \/>Aquella que por reunir los requisitos organol\u00e9pticos (olor, sabor y percepci\u00f3n visual), f\u00edsicos, qu\u00edmicos y microbiol\u00f3gicos, puede ser consumida por la poblaci\u00f3n humana sin producir efectos adversos a la salud<\/p>\n<p><strong>Aguas lluvias<\/strong>:<br \/>Aguas provenientes de la precipitaci\u00f3n pluvial<\/p>\n<p><strong>Aguas residuales (o de alcantarillado)<\/strong>:<br \/>Desechos l\u00edquidos provenientes de residencias, edificios, instituciones, f\u00e1bricas, industrias y dem\u00e1s inmuebles<\/p>\n<p><!-- \/wp:paragraph --><\/p>\n<p><!-- wp:paragraph --><\/p>\n<p><strong>Ajuste gradual o gradualidad tarifaria (Resoluci\u00f3n CRA 22 de 1996)<\/strong>:<br \/>Ajuste progresivo en las tarifas de tal manera que en cada a\u00f1o se avance en el logro del objetivo de alcanzar las tarifas resultantes de la aplicaci\u00f3n de las metodolog\u00edas definidas por la Comisi\u00f3n de Regulaci\u00f3n de Agua Potable y Saneamiento B\u00e1sico<\/p>\n<p><strong>Alcantarillado de aguas combinadas<\/strong>:<br \/>Sistema compuesto por todas las instalaciones destinadas a la recolecci\u00f3n y transporte, tanto de las aguas residuales como de las aguas lluvias<\/p>\n<p><!-- \/wp:paragraph --><\/p>\n<p><!-- wp:paragraph --><\/p>\n<p><strong>Alcantarillado de aguas lluvias:<\/strong><br \/>Sistema compuesto por todas las instalaciones destinadas a la recolecci\u00f3n y transporte de aguas lluvias<\/p>\n<p><strong>Alcantarillado de aguas residuales<\/strong>:<br \/>Sistema compuesto por todas las instalaciones destinadas a la recolecci\u00f3n y transporte de las aguas residuales dom\u00e9sticas y\/o industriales<\/p>\n<p><strong>Alcantarillado separado:<\/strong><br \/>Sistema constituido por un alcantarillado de aguas residuales y otro de aguas lluvias que recolectan en forma independiente en un mismo sector.<\/p>\n<p><strong>Alcantarillado<\/strong><br \/>Conjunto de obras para la recolecci\u00f3n, conducci\u00f3n y disposici\u00f3n final de las aguas residuales o de las aguas lluvias.<\/p>\n<p><strong>Almacenamiento (acueducto)<\/strong><br \/>Acci\u00f3n destinada a almacenar un determinado volumen de agua para cubrir los picos horarios y la demanda contra incendios.<br \/><strong><br \/>Almacenamiento de residuos s\u00f3lidos (Cap\u00edtulo F1 Resoluci\u00f3n MDE 0822 de 1998)<\/strong>: Acumulaci\u00f3n o dep\u00f3sito temporal, en recipientes o lugares, de la basura y residuos s\u00f3lidos de un generador o una comunidad, para su posterior recolecci\u00f3n, aprovechamiento, transformaci\u00f3n, comercializaci\u00f3n o disposici\u00f3n final<br \/><strong><br \/>Almacenamiento domiciliario<\/strong>: Acci\u00f3n del generador de depositar temporalmente los residuos retenidos en los condominios, edificios multifamiliares, viviendas, etc.<\/p>\n<p><strong>Almacenamiento no domiciliario<\/strong>: Acci\u00f3n del generador de depositar temporalmente los residuos s\u00f3lidos retenidos en centros comerciales, edificios p\u00fablicos, edificios privados, bancos, instituciones de inter\u00e9s social, centros de recreaci\u00f3n, etc.<\/p>\n<p><strong>An\u00e1lisis f\u00edsico qu\u00edmico del agua<\/strong>: Pruebas de laboratorio que se efect\u00faan a una muestra para determinar sus caracter\u00edsticas f\u00edsicas, qu\u00edmicas o ambas<\/p>\n<p><strong>An\u00e1lisis microbiol\u00f3gico del agua<\/strong>: Pruebas de laboratorio que se efect\u00faan una muestra para determinar la presencia o ausencia, tipo y cantidad de microorganismos<\/p>\n<p><strong><br \/>An\u00e1lisis organol\u00e9ptico del agua<\/strong>: Se refiere a olor, sabor y percepci\u00f3n visual de sustancias y materiales flotantes y\/o suspendidos en el agua<\/p>\n<p><strong>A\u00f1o base: <\/strong>Enti\u00e9ndase como \u00aba\u00f1o\u00bb el periodo de doce meses, el cual puede coincidir o no con una vigencia fiscal, que es utilizado por la persona prestadora, con el fin de hacer las comparaciones y verificaciones que corresponda, para calcular los costos de prestaci\u00f3n del servicio, tomando como base, el m\u00e1s cercano al momento del c\u00e1lculo, del cual se tenga informaci\u00f3n completa y ajustada al comportamiento t\u00edpico de sus costos.<br \/>o el que defina la Comisi\u00f3n<br \/>Las personas prestadoras que tengan menos de un a\u00f1o de operaci\u00f3n, podr\u00e1n establecer los costos del a\u00f1o base, proyectando los costos del servicio, con base en la informaci\u00f3n del tiempo durante el cual hayan operado y teniendo en cuenta el dise\u00f1o que deben realizar para la prestaci\u00f3n del servicio<br \/>En este caso, deben informar a la Comisi\u00f3n de Regulaci\u00f3n los supuestos empleados<\/p>\n<p><strong>Aplicaci\u00f3n de la estratificaci\u00f3n (Art\u00edculo 3 Decreto 1538 de 1996)<\/strong>: Fase en la cual las entidades prestadoras de servicios p\u00fablicos domiciliarios en el municipio o distrito empiezan a facturar el cobro de \u00e9stos con base en las estratificaciones adoptadas<\/p>\n<p><!-- \/wp:paragraph --><\/p>\n<p><!-- wp:paragraph --><\/p>\n<p><strong>Autoridad ambiental (Art\u00edculo 1 Decreto 475 de 1998)<\/strong>: Es la encargada de la vigilancia, conservaci\u00f3n, protecci\u00f3n, ordenamiento, manejo, uso, aprovechamiento y control de los recursos naturales renovables y del medio ambiente.<\/p>\n<p><strong>Autoridad sanitaria (Art\u00edculo 1 Decreto 475 de 1998)<\/strong>: Es la entidad competente del sistema general de seguridad social que ejerce funciones de vigilancia de los sistemas de suministro de agua en cumplimiento de las normas, disposiciones y criterios legales, as\u00ed como los dem\u00e1s aspectos que tengan relaci\u00f3n con la calidad del agua para consumo humano<\/p>\n<p><!-- \/wp:paragraph --><\/p>\t\t\t\t\t<\/div>\n\t\t\t\t\t\t<\/div>\n\t\t\t\t<\/div>\n\t\t\t\t\t\t<\/div>\n\t\t\t\t\t<\/div>\n\t\t<\/div>\n\t\t\t\t\t\t\t\t<\/div>\n\t\t\t\t\t<\/div>\n\t\t<\/section>\n\t\t\t\t\t\t\t\t\t<\/div>\n\t\t\t<\/div>\n\t\t\t\t\t<\/div>\n\t\t","protected":false},"excerpt":{"rendered":"<p>GLOSARIO CARIBABARE ESP Acometida: Derivaci\u00f3n de la red local del servicio respectivo que llega hasta el registro de corte del inmueble. En edificios de propiedad horizontal o condominios, la acometida llega hasta el registro de corte general. Para el caso de alcantarillado la acometida es la derivaci\u00f3n que parte de la caja de inspecci\u00f3n y [&hellip;]<\/p>\n","protected":false},"author":2,"featured_media":0,"parent":0,"menu_order":0,"comment_status":"closed","ping_status":"closed","template":"","meta":[],"_links":{"self":[{"href":"https:\/\/caribabare.gov.co\/esp\/wp-json\/wp\/v2\/pages\/784"}],"collection":[{"href":"https:\/\/caribabare.gov.co\/esp\/wp-json\/wp\/v2\/pages"}],"about":[{"href":"https:\/\/caribabare.gov.co\/esp\/wp-json\/wp\/v2\/types\/page"}],"author":[{"embeddable":true,"href":"https:\/\/caribabare.gov.co\/esp\/wp-json\/wp\/v2\/users\/2"}],"replies":[{"embeddable":true,"href":"https:\/\/caribabare.gov.co\/esp\/wp-json\/wp\/v2\/comments?post=784"}],"version-history":[{"count":3,"href":"https:\/\/caribabare.gov.co\/esp\/wp-json\/wp\/v2\/pages\/784\/revisions"}],"predecessor-version":[{"id":789,"href":"https:\/\/caribabare.gov.co\/esp\/wp-json\/wp\/v2\/pages\/784\/revisions\/789"}],"wp:attachment":[{"href":"https:\/\/caribabare.gov.co\/esp\/wp-json\/wp\/v2\/media?parent=784"}],"curies":[{"name":"wp","href":"https:\/\/api.w.org\/{rel}","templated":true}]}}