{"id":676,"date":"2020-06-04T20:56:37","date_gmt":"2020-06-05T01:56:37","guid":{"rendered":"https:\/\/caribabare.gov.co\/esp\/?page_id=676"},"modified":"2020-06-04T20:57:31","modified_gmt":"2020-06-05T01:57:31","slug":"alcantarillado","status":"publish","type":"page","link":"https:\/\/caribabare.gov.co\/esp\/alcantarillado\/","title":{"rendered":"Alcantarillado"},"content":{"rendered":"\t\t<div data-elementor-type=\"wp-page\" data-elementor-id=\"676\" class=\"elementor elementor-676\">\n\t\t\t\t\t\t<div class=\"elementor-inner\">\n\t\t\t\t<div class=\"elementor-section-wrap\">\n\t\t\t\t\t\t\t\t\t<section class=\"elementor-section elementor-top-section elementor-element elementor-element-0a9228e elementor-section-boxed elementor-section-height-default elementor-section-height-default\" data-id=\"0a9228e\" data-element_type=\"section\">\n\t\t\t\t\t\t<div class=\"elementor-container elementor-column-gap-default\">\n\t\t\t\t\t\t\t<div class=\"elementor-row\">\n\t\t\t\t\t<div class=\"elementor-column elementor-col-100 elementor-top-column elementor-element elementor-element-9a2acce\" data-id=\"9a2acce\" data-element_type=\"column\">\n\t\t\t<div class=\"elementor-column-wrap elementor-element-populated\">\n\t\t\t\t\t\t\t<div class=\"elementor-widget-wrap\">\n\t\t\t\t\t\t<div class=\"elementor-element elementor-element-e32df13 elementor-widget elementor-widget-image\" data-id=\"e32df13\" data-element_type=\"widget\" data-widget_type=\"image.default\">\n\t\t\t\t<div class=\"elementor-widget-container\">\n\t\t\t\t\t\t\t\t<div class=\"elementor-image\">\n\t\t\t\t\t\t\t\t\t\t\t\t<img decoding=\"async\" width=\"225\" height=\"300\" src=\"https:\/\/caribabare.gov.co\/esp\/wp-content\/uploads\/2020\/06\/IMG-20200302-WA0011-225x300.jpg\" class=\"attachment-medium size-medium wp-image-678\" alt=\"\" loading=\"lazy\" srcset=\"https:\/\/caribabare.gov.co\/esp\/wp-content\/uploads\/2020\/06\/IMG-20200302-WA0011-225x300.jpg 225w, https:\/\/caribabare.gov.co\/esp\/wp-content\/uploads\/2020\/06\/IMG-20200302-WA0011-768x1024.jpg 768w, https:\/\/caribabare.gov.co\/esp\/wp-content\/uploads\/2020\/06\/IMG-20200302-WA0011.jpg 774w\" sizes=\"(max-width: 225px) 100vw, 225px\" \/>\t\t\t\t\t\t\t\t\t\t\t\t\t\t<\/div>\n\t\t\t\t\t\t<\/div>\n\t\t\t\t<\/div>\n\t\t\t\t\t\t<\/div>\n\t\t\t\t\t<\/div>\n\t\t<\/div>\n\t\t\t\t\t\t\t\t<\/div>\n\t\t\t\t\t<\/div>\n\t\t<\/section>\n\t\t\t\t<section class=\"elementor-section elementor-top-section elementor-element elementor-element-072f26e elementor-section-boxed elementor-section-height-default elementor-section-height-default\" data-id=\"072f26e\" data-element_type=\"section\">\n\t\t\t\t\t\t<div class=\"elementor-container elementor-column-gap-default\">\n\t\t\t\t\t\t\t<div class=\"elementor-row\">\n\t\t\t\t\t<div class=\"elementor-column elementor-col-100 elementor-top-column elementor-element elementor-element-15089f9\" data-id=\"15089f9\" data-element_type=\"column\">\n\t\t\t<div class=\"elementor-column-wrap elementor-element-populated\">\n\t\t\t\t\t\t\t<div class=\"elementor-widget-wrap\">\n\t\t\t\t\t\t<div class=\"elementor-element elementor-element-b628125 elementor-widget elementor-widget-text-editor\" data-id=\"b628125\" data-element_type=\"widget\" data-widget_type=\"text-editor.default\">\n\t\t\t\t<div class=\"elementor-widget-container\">\n\t\t\t\t\t\t\t\t<div class=\"elementor-text-editor elementor-clearfix\">\n\t\t\t\t<div class=\"service-single-content pe-wp-default\">\n<p>Las aguas residuales dom\u00e9sticas se manejan a trav\u00e9s de un sistema de alcantarillado.<span id=\"more-15\"><\/span><\/p>\n<p>Las aguas residuales dom\u00e9sticas se manejan a trav\u00e9s de un sistema de alcantarillado construido desde 1990, y alcanza una cobertura del 94% de las viviendas. Es un sistema que fue dise\u00f1ado para trabajar como sanitario pero &nbsp;est\u00e1 trabajando como combinado. Las aguas residuales son tratadas por tres (3) PTAR, distribuidas en el municipio.<\/p>\n<p>Estos sistemas son en 97% operados por gravedad, garantizando el adecuado tratamiento de las aguas residuales en t\u00e9rminos del Decreto 1594 de 1984 que reglamenta los vertimientos de aguas residuales dom\u00e9sticas.<\/p>\n<\/div>\t\t\t\t\t<\/div>\n\t\t\t\t\t\t<\/div>\n\t\t\t\t<\/div>\n\t\t\t\t\t\t<\/div>\n\t\t\t\t\t<\/div>\n\t\t<\/div>\n\t\t\t\t\t\t\t\t<\/div>\n\t\t\t\t\t<\/div>\n\t\t<\/section>\n\t\t\t\t\t\t\t\t\t<\/div>\n\t\t\t<\/div>\n\t\t\t\t\t<\/div>\n\t\t","protected":false},"excerpt":{"rendered":"<p>Las aguas residuales dom\u00e9sticas se manejan a trav\u00e9s de un sistema de alcantarillado. Las aguas residuales dom\u00e9sticas se manejan a trav\u00e9s de un sistema de alcantarillado construido desde 1990, y alcanza una cobertura del 94% de las viviendas. Es un sistema que fue dise\u00f1ado para trabajar como sanitario pero &nbsp;est\u00e1 trabajando como combinado. Las aguas [&hellip;]<\/p>\n","protected":false},"author":1,"featured_media":0,"parent":0,"menu_order":0,"comment_status":"closed","ping_status":"closed","template":"elementor_header_footer","meta":[],"_links":{"self":[{"href":"https:\/\/caribabare.gov.co\/esp\/wp-json\/wp\/v2\/pages\/676"}],"collection":[{"href":"https:\/\/caribabare.gov.co\/esp\/wp-json\/wp\/v2\/pages"}],"about":[{"href":"https:\/\/caribabare.gov.co\/esp\/wp-json\/wp\/v2\/types\/page"}],"author":[{"embeddable":true,"href":"https:\/\/caribabare.gov.co\/esp\/wp-json\/wp\/v2\/users\/1"}],"replies":[{"embeddable":true,"href":"https:\/\/caribabare.gov.co\/esp\/wp-json\/wp\/v2\/comments?post=676"}],"version-history":[{"count":3,"href":"https:\/\/caribabare.gov.co\/esp\/wp-json\/wp\/v2\/pages\/676\/revisions"}],"predecessor-version":[{"id":680,"href":"https:\/\/caribabare.gov.co\/esp\/wp-json\/wp\/v2\/pages\/676\/revisions\/680"}],"wp:attachment":[{"href":"https:\/\/caribabare.gov.co\/esp\/wp-json\/wp\/v2\/media?parent=676"}],"curies":[{"name":"wp","href":"https:\/\/api.w.org\/{rel}","templated":true}]}}